
{"id":129,"date":"2013-10-31T06:41:22","date_gmt":"2013-10-31T06:41:22","guid":{"rendered":"https:\/\/sites.brandlovers.co.mz\/transcom\/transcom\/?page_id=129"},"modified":"2014-01-27T15:44:25","modified_gmt":"2014-01-27T15:44:25","slug":"istc","status":"publish","type":"page","link":"https:\/\/www.itc.ac.mz\/?page_id=129","title":{"rendered":"HOME ITC"},"content":{"rendered":"<p><!--:pt--><\/p>\n<ul>\n<li><a href=\"#\"> A Institui\u00e7\u00e3o<\/a><\/li>\n<li><a href=\"#\"> Cursos do ITC<\/a><\/li>\n<li><a href=\"#\"> Servi\u00e7os<\/a><\/li>\n<li><a href=\"#\"> Actividades<\/a><\/li>\n<li><a href=\"#\"> Localiza\u00e7\u00e3o e Contactos<\/a><\/li>\n<\/ul>\n<p><!--:--><\/p>\n","protected":false},"excerpt":{"rendered":"<p>A Institui\u00e7\u00e3o Cursos do ITC Servi\u00e7os Actividades Localiza\u00e7\u00e3o e Contactos<\/p>\n","protected":false},"author":60,"featured_media":0,"parent":0,"menu_order":0,"comment_status":"open","ping_status":"open","template":"","meta":{"_acf_changed":false,"footnotes":""},"class_list":["post-129","page","type-page","status-publish","hentry"],"acf":[],"_links":{"self":[{"href":"https:\/\/www.itc.ac.mz\/index.php?rest_route=\/wp\/v2\/pages\/129","targetHints":{"allow":["GET"]}}],"collection":[{"href":"https:\/\/www.itc.ac.mz\/index.php?rest_route=\/wp\/v2\/pages"}],"about":[{"href":"https:\/\/www.itc.ac.mz\/index.php?rest_route=\/wp\/v2\/types\/page"}],"author":[{"embeddable":true,"href":"https:\/\/www.itc.ac.mz\/index.php?rest_route=\/wp\/v2\/users\/60"}],"replies":[{"embeddable":true,"href":"https:\/\/www.itc.ac.mz\/index.php?rest_route=%2Fwp%2Fv2%2Fcomments&post=129"}],"version-history":[{"count":6,"href":"https:\/\/www.itc.ac.mz\/index.php?rest_route=\/wp\/v2\/pages\/129\/revisions"}],"predecessor-version":[{"id":248,"href":"https:\/\/www.itc.ac.mz\/index.php?rest_route=\/wp\/v2\/pages\/129\/revisions\/248"}],"wp:attachment":[{"href":"https:\/\/www.itc.ac.mz\/index.php?rest_route=%2Fwp%2Fv2%2Fmedia&parent=129"}],"curies":[{"name":"wp","href":"https:\/\/api.w.org\/{rel}","templated":true}]}}